. Suppose -4*i - 13*b + 8*b = -177, -i + 47 = 4*b. Calculate the remainder when i is divided by g.
18
Let j(y) = -y**3 - 7*y**2 - 37*y - 129. What is the remainder when 80 is divided by j(-5)?
2
Suppose 0 = 4*q + 4*x + 12, -5*x + x - 8 = 0. Let k = 14 - q. Calculate the remainder when 42 is divided by k.
12
Suppose -5*c + 31 = -4. Suppose t - 11 - 13 = -4*x, -4*x + 44 = -4*t. Calculate the remainder when c is divided by x.
0
Let u be 5 + ((-8)/(-4) - 3). Suppose u*i - 2 = 222. Suppose 0 = -a + 3*a - i. What is the remainder when a is divided by 10?
8
Suppose -m - 2*h + 12 + 20 = 0, 4*h - 26 = -m. Calculate the remainder when m is divided by 10.
8
Let v = 1068 - 804. Calculate the remainder when v is divided by 7.
5
Suppose 0*r + 17*r - 918 = 0. What is the remainder when 211 is divided by r?
49
Suppose 3*b - 42 = -3. Calculate the remainder when 84 is divided by 18 + -16 - (b/(-1) + -2).
16
Let r = 1578 - 1176. What is the remainder when r is divided by 139?
124
Let f = 466 + -437. Calculate the remainder when 86 is divided by f.
28
Let b(k) = k**3 - 3*k**2 + 2*k. Let r be b(2). Suppose r*o - o = -51. Let i = -33 - -46. What is the remainder when o is divided by i?
12
Suppose 6*v = 7 + 41. Suppose 12*o - 276 = v*o. Calculate the remainder when o is divided by 8.
5
Suppose -8*d - 18 = -5*d. Let o be (-4)/(-18) - 4/18. What is the remainder when (-3)/(-6)*o - d is divided by 2?
0
Let w be 72/(-96) + 5702/8. Suppose 7*g = -g + w. Calculate the remainder when g is divided by 15.
14
Suppose -4*f - 25 = 4*x + 23, 2*x - 4*f + 30 = 0. Let r = x + 15. What is the remainder when 5 is divided by (r/3)/((-2)/(-6))?
1
Let s(u) = -3*u**2 - 53*u + 10. Calculate the remainder when 131 is divided by s(-17).
43
Let o(b) = -b**2 + 34*b - 174. Calculate the remainder when 149 is divided by o(27).
14
Let x(p) = -p. Let l be x(0). Suppose -11*k = 6*k - 1530. Suppose l = 2*w - 5*w + k. What is the remainder when w is divided by 8?
6
What is the remainder when 135/81*22926/10 is divided by 14?
13
Suppose -v = -5*m - 19 + 66, m - 4*v + 2 = 0. What is the remainder when 66 is divided by m?
6
Suppose 0 = -6*y - 0*y + 10266. Suppose y = 12*s - 185. Calculate the remainder when s is divided by 40.
38
What is the remainder when 53 is divided by ((-4)/16)/(1/(-60))?
8
Suppose -2*i = -4*k - 238 - 414, 1018 = 3*i + 4*k. Calculate the remainder when i is divided by 26.
22
Let r(b) = -b**3 - b**2 + 2. Let z be r(0). Suppose -26 = -4*c + z. Let q = c - -15. Calculate the remainder when 65 is divided by q.
21
Let p be 267/3 - (1 + 2). Suppose 2*w = -4*m + p, -2*m - 3*m - 4*w = -103. What is the remainder when 54/4*(-20)/(-6) is divided by m?
22
Let j = -414 + 476. What is the remainder when 368 is divided by j?
58
Suppose -6*v + 364 = -2*v. Suppose 24*m - 22*m - 46 = 0. What is the remainder when v is divided by m?
22
Let x be (-33288)/19*-3*2/(-4). What is the remainder when ((-1)/4)/(9/x) is divided by 19?
16
Let k(u) = -u**3 + 6*u**2 - u + 7. Let z be k(6). Calculate the remainder when 7 is divided by -2 + 1/(z/4).
1
Let w(c) = 7*c + 20*c**2 - 12 - 2*c + 12. Calculate the remainder when w(-2) is divided by 24.
22
Suppose 2*c + 322 = 408. Calculate the remainder when c is divided by 22.
21
What is the remainder when (23 - 31)*-1*1 is divided by (-3)/6 + 7/2?
2
Suppose -4*i + 2*i + 10 = 0. Suppose -3*r = -0*y + 5*y - 5, i*y - 5 = 0. Suppose 2*p - 26 = -r. Calculate the remainder when 48 is divided by p.
9
Suppose 3*x = 3*g - 48, 5*g + 2*x + 95 = 10*g. Calculate the remainder when 40 is divided by g.
19
Calculate the remainder when 1*(-3 + 5) - -163 is divided by 34.
29
Suppose 2*i + 4*k = 16, 5*i - 4*k - 56 = -16. Let d(l) = -2 + 9*l + 3 + l**2 + 3*l**2 + l**3 - i*l. What is the remainder when 18 is divided by d(-3)?
4
Suppose 95 = 65*d - 620. Calculate the remainder when 19 is divided by d.
8
Suppose v = 5*l - 2, -5*l + 6*v + 8 = 2*v. Suppose l = 6*r - r - 20. What is the remainder when 109 is divided by r/2 - (-24 - 2)?
25
Let n(k) = k**3 - 6*k**2 - 12*k + 3. Suppose -4*i + 4*o + 26 = -2, -5*i = -o - 55. What is the remainder when n(8) is divided by i?
11
Suppose 0 = -4*p + 3*i + 119, 8 = 4*p + 4*i - 104. Let v = -17 + p. Calculate the remainder when 21 is divided by v.
9
What is the remainder when (9 - -1405)/(0 - (-1 + 0)) is divided by 12?
10
Let z = 10 + -6. Let j = 57 + -47. Suppose -j*t + z = -6*t. Calculate the remainder when 5 is divided by t.
0
Let k(c) = -c**3 + 9*c**2 + 8*c - 43. Calculate the remainder when 200 is divided by k(9).
26
Let p(n) = 4*n. Let w = 71 - 68. Suppose -w - 48 = -3*k. Calculate the remainder when k is divided by p(1).
1
Let n(v) = v**2 - v + 26. Let u(i) = 9*i - 12. Suppose -5*f + 8 + 7 = 0. Calculate the remainder when n(0) is divided by u(f).
11
Suppose 22 - 58 = -3*d. Suppose -d*b + 260 = -2*b. What is the remainder when 96 is divided by b?
18
Let o(k) = k**3 - 4*k**2 + k + 4. Let b be o(4). What is the remainder when 4*(12/8)/(-3) + b is divided by 2?
0
Let h = -337 + 385. What is the remainder when h is divided by 28?
20
Let n = 4554 - 4547. Let w(v) = v**2 - 6*v + 4. Let j be w(5). Let u(a) = -26*a. Calculate the remainder when u(j) is divided by n.
5
Suppose -3*x + l = -0*l - 2, -l = -4. Let o be (x + (-10)/4)*-78. Let d = -1 + o. What is the remainder when d is divided by 10?
8
Suppose 6*f = 3*f + 180. Calculate the remainder when f is divided by (-2315)/(-75) + ((-13)/15 - -1).
29
Let d(q) be the second derivative of -q**4/12 - q**3 + 15*q**2/2 + 2*q. Let g be d(-7). Suppose l + g - 25 = 0. Calculate the remainder when 32 is divided by l.
15
Let a(h) = 17*h**2. Suppose 0 = 4*b - 7*b - 5*g - 1154, -3*b - g = 1174. Calculate the remainder when (-15)/20 + b/(-12) is divided by a(1).
15
Suppose -16 = -5*q - 3*x, -5*q + 37 = -0*q - 4*x. Let m(t) = t**3 + 18*t**2 + 15. Calculate the remainder when m(-18) is divided by q.
0
Let k(s) = -2*s**2 - 24*s - 14. What is the remainder when 279 is divided by k(-9)?
39
Let v(c) = 4*c - 1. Suppose 10*k = 25*k - 1845. Calculate the remainder when k is divided by v(8).
30
Suppose 5*b - 616 + 97 = -4*z, -15 = -5*b. Suppose 6 = 6*k - z. Calculate the remainder when 107 is divided by k.
19
Let i(w) = -2 + 1 + w**2 - w + 6*w**2. Calculate the remainder when 96 is divided by i(2).
21
What is the remainder when 559 is divided by ((-15368)/(-24))/17*3?
107
What is the remainder when 88 is divided by 27 + 40/(-1 - -6)?
18
Let i(k) = -k**3 - 2*k**2 + 4. Let b be i(-4). Suppose -9*y + 5*y = -b. Let h(a) = -a + 10. What is the remainder when 1 is divided by h(y)?
0
Let d(h) = h**2 + 7*h + 5. Let i be d(-5). Let u = 0 - i. What is the remainder when -1*((1 - 12) + -2) is divided by u?
3
Suppose -u - 1573 = -14*u. Suppose 93 = v + 2*v. What is the remainder when u is divided by v?
28
Let l = -19 - -19. Suppose l*h + 61 = h. Suppose 17 = 2*z + 3*q, 2*z + 2*z = -4*q + 44. Calculate the remainder when h is divided by z.
13
Suppose -2*u - u + 3 = 0. Suppose -o + 15 = -0*w + 4*w, 0 = 4*w - 12. What is the remainder when u/4*o*28 is divided by 11?
10
Suppose 0 = -2*g + g + 22. Let y = 19589 + -19480. What is the remainder when y is divided by g?
21
Let j be 1 - (0/(-3) - 2). Let o(a) = -95*a**2 - 2. Let l(r) = -96*r**2 - r - 2. Let v(h) = j*l(h) - 4*o(h). What is the remainder when v(1) is divided by 23?
22
Let j be -2 - (2 + -3)*-29. Let b = -15 + j. Let h = -4 - b. What is the remainder when h is divided by 11?
9
Let k be (-10)/35 - (-58)/7. Let w = k - 5. Suppose d - 2*z - 2 = -w*z, 0 = -2*d - 3*z - 1. Calculate the remainder when d is divided by 3.
1
Let h = 61 - 28. Calculate the remainder when h is divided by 17 - (-2 - -3 - 1).
16
Let n(a) = -2*a - 3. Let u be n(-6). Let p be 6/u*30/5. Suppose -p*f = -2*f - c - 40, 3*f = -c + 50. Calculate the remainder when 53 is divided by f.
17
Let w = 210 - 176. What is the remainder when 135 is divided by w?
33
Let x(h) = -2*h + 92. Calculate the remainder when 450 is divided by x(34).
18
Let z(b) = -b**3 + 2*b**2 + 2*b - 2. Calculate the remainder when z(-3) is divided by 8/(4*1/10*1).
17
Suppose -4*d + 76 = -28. Let f(w) = -11*w + 1. Let k be f(-1). What is the remainder when d is divided by (32/k - -2)*3?
12
Calculate the remainder when 49 is divided by (80/112)/((-1)/(